{"id":181,"date":"2014-09-16T09:45:21","date_gmt":"2014-09-16T07:45:21","guid":{"rendered":"http:\/\/www.gcisalud.com\/?page_id=181"},"modified":"2014-09-17T14:17:36","modified_gmt":"2014-09-17T12:17:36","slug":"america-del-sur","status":"publish","type":"page","link":"https:\/\/www.gcisalud.com\/index.php\/servicios-y-areas-de-trabajo\/cooperacion-al-desarrollo\/america-del-sur\/","title":{"rendered":"Am\u00e9rica del Sur"},"content":{"rendered":"<table width=\"100%\" class=\"table_paises\">\n<tbody>\n<tr>\n<td width=\"85\"><strong>Pa\u00eds<\/strong><\/td>\n<td width=\"91\"><strong>Financiador<\/strong><\/td>\n<td width=\"77\"><strong>Tipo<\/strong><\/td>\n<td width=\"212\"><strong>T\u00edtulo<\/strong><\/td>\n<td width=\"235\"><strong>Sectores\/Subsectores\/Resultados<\/strong><\/td>\n<\/tr>\n<tr>\n<td width=\"85\">Ecuador, Bolivia, Per\u00fa Paraguay, Colombia y Venezuela<\/td>\n<td width=\"91\">AECID<\/td>\n<td width=\"77\">Intermedia \/ Convenio<\/td>\n<td width=\"212\">Promoci\u00f3n del acceso universal a la educaci\u00f3n mediante la mejora de la formaci\u00f3n profesional y t\u00e9cnica, desde un enfoque integral<\/td>\n<td width=\"235\">Formaci\u00f3n Profesional<\/td>\n<\/tr>\n<tr>\n<td rowspan=\"5\" width=\"85\">Bolivia<\/td>\n<td rowspan=\"3\" width=\"91\">Generalitat Valenciana<\/td>\n<td width=\"77\">Final \/ Proyecto<\/td>\n<td width=\"212\">Proyecto piloto de construcci\u00f3n y promoci\u00f3n de Municipios Saludables en regiones ind\u00edgenas de extrema pobreza en Bolivia<\/td>\n<td width=\"235\">Infraestructura Sanitaria B\u00e1sica<br \/>\nNutrici\u00f3n b\u00e1sica<br \/>\nControl enfermedades infecciosas<br \/>\nEducaci\u00f3n sanitaria<br \/>\nFormaci\u00f3n personal sanitario<br \/>\nSaneamiento b\u00e1sico<\/td>\n<\/tr>\n<tr>\n<td width=\"77\">Final \/ Proyecto<\/td>\n<td width=\"212\">Salud Comunitaria para la disminuci\u00f3n de las causas inmediatas de Mortalidad Materna Infantil en los Municipios de Poroma y Tacobamba<\/td>\n<td width=\"235\">Servicios Sociales B\u00e1sicos<br \/>\nFortalecimiento de los Sistemas de Salud<\/td>\n<\/tr>\n<tr>\n<td width=\"77\">Final \/ Proyecto<\/td>\n<td width=\"212\">Gesti\u00f3n integrada de la micro cuenca \u201cSuru Ahta\u201d con enfoque de soberan\u00eda, seguridad alimentaria y negociaci\u00f3n, para sustentar el desarrollo econ\u00f3mico productivo de los peque\u00f1os productores aymaras del cant\u00f3n Ilabaya del Departamento de La Paz-Bolivia<\/td>\n<td width=\"235\">Abastecimiento de agua potable y saneamiento b\u00e1sico<br \/>\nSistemas de riego<br \/>\nEducaci\u00f3n y formaci\u00f3n abastecimiento de agua y saneamiento<br \/>\nFortalecimiento sociedad civil<br \/>\nPr\u00e1cticas agroecol\u00f3gicas<br \/>\nMejoramiento vegetal<\/td>\n<\/tr>\n<tr>\n<td width=\"91\">Ayuntamiento de Madrid<\/td>\n<td width=\"77\">Final \/ Proyecto<\/td>\n<td width=\"212\">Mejora de la producci\u00f3n lechera de cuatro comunidades ind\u00edgenas en el altiplano de la Paz<\/td>\n<td width=\"235\">Proyectos Productivos<br \/>\nCampesinado<\/td>\n<\/tr>\n<tr>\n<td width=\"91\">MAEC<\/td>\n<td width=\"77\">Intermedia \/ MAP<\/td>\n<td width=\"212\">Marco de Asociaci\u00f3n Pa\u00eds 2011-2015 entre la Cooperaci\u00f3n Espa\u00f1ola y Bolivia<\/td>\n<td width=\"235\">Fortalecimiento Institucional<\/td>\n<\/tr>\n<tr>\n<td rowspan=\"2\" width=\"85\">Ecuador<\/td>\n<td width=\"91\">Comunidad de Madrid<\/td>\n<td width=\"77\">Final \/ Programa<\/td>\n<td width=\"212\">Programa Escuela de Gesti\u00f3n P\u00fablica<\/td>\n<td width=\"235\">Educaci\u00f3n<\/td>\n<\/tr>\n<tr>\n<td width=\"91\">Generalitat Valenciana<\/td>\n<td width=\"77\">Final \/ Proyecto<\/td>\n<td width=\"212\">Convenio de Promoci\u00f3n del Desarrollo Local a trav\u00e9s de Iniciativas Productivas Rurales de Grupos de Ind\u00edgenas de J\u00f3venes, Mujeres en las provincias de Tungurahua, Chimborazo y Cotopaxi<\/td>\n<td width=\"235\">Apoyo a la sociedad civil y fortalecimiento de las instituciones<br \/>\nMejora de la gesti\u00f3n Administraciones p\u00fablicas y coordinaci\u00f3n de las Administraciones locales<br \/>\nFormaci\u00f3n superior t\u00e9cnica y direcci\u00f3n<br \/>\nAdministraci\u00f3n P\u00fablica<\/td>\n<\/tr>\n<tr>\n<td width=\"85\">Chile<\/td>\n<td width=\"91\">Comunidad de Madrid<\/td>\n<td width=\"77\">Final \/ Proyecto<\/td>\n<td width=\"212\">Respuesta de emergencia por el terremoto de Chile del 27 de febrero de 2010<\/td>\n<td width=\"235\">Acci\u00f3n Humanitaria<br \/>\nHabitabilidad (WASH y Shelter)<br \/>\nProtecci\u00f3n infantil<\/td>\n<\/tr>\n<tr>\n<td rowspan=\"2\" width=\"85\">Colombia<\/td>\n<td width=\"91\">COSUDE<\/td>\n<td width=\"77\">Final \/ Proyecto<\/td>\n<td width=\"212\">Recuperaci\u00f3n y mejoramiento de la calidad de vida de la poblaci\u00f3n en situaci\u00f3n de desplazamiento, residente en los sectores suburbanos del municipio de Tumaco, departamento de Nari\u00f1o<\/td>\n<td width=\"235\">Emergencia y Protecci\u00f3n<br \/>\nSalud y H\u00e1bitat<br \/>\nFortalecimiento Comunitario<br \/>\nAcompa\u00f1amiento Institucional<\/td>\n<\/tr>\n<tr>\n<td width=\"91\">AECID<\/td>\n<td width=\"77\">Intermedia \/ Convenio<\/td>\n<td width=\"212\">Promoci\u00f3n y participaci\u00f3n en procesos integrales de protecci\u00f3n, restablecimiento y desarrollo sostenible, que fortalezcan la participaci\u00f3n y organizaci\u00f3n ciudadana y la institucionalidad p\u00fablica local, en \u00e1reas especialmente vulnerables, con poblaci\u00f3n afectada por el conflicto, ind\u00edgena y afro descendiente<\/td>\n<td width=\"235\">Gobernanza democr\u00e1tica, participaci\u00f3n ciudadana y desarrollo institucional Cobertura de las necesidades sociales Promoci\u00f3n del tejido econ\u00f3mico y empresarial<br \/>\nPrevenci\u00f3n de los conflictos y cultura de la Paz<\/td>\n<\/tr>\n<\/tbody>\n<\/table>\n<p><strong>\u00a0<\/strong><\/p>\n","protected":false},"excerpt":{"rendered":"<p>Pa\u00eds Financiador Tipo T\u00edtulo Sectores\/Subsectores\/Resultados Ecuador, Bolivia, Per\u00fa Paraguay, Colombia y Venezuela AECID Intermedia \/ Convenio Promoci\u00f3n del acceso universal a la educaci\u00f3n mediante la mejora de la formaci\u00f3n profesional y t\u00e9cnica, desde un enfoque integral Formaci\u00f3n Profesional Bolivia Generalitat Valenciana Final \/ Proyecto Proyecto piloto de construcci\u00f3n y promoci\u00f3n de Municipios Saludables en regiones [&hellip;]<\/p>\n","protected":false},"author":1,"featured_media":0,"parent":156,"menu_order":1,"comment_status":"closed","ping_status":"closed","template":"","meta":[],"_links":{"self":[{"href":"https:\/\/www.gcisalud.com\/index.php\/wp-json\/wp\/v2\/pages\/181"}],"collection":[{"href":"https:\/\/www.gcisalud.com\/index.php\/wp-json\/wp\/v2\/pages"}],"about":[{"href":"https:\/\/www.gcisalud.com\/index.php\/wp-json\/wp\/v2\/types\/page"}],"author":[{"embeddable":true,"href":"https:\/\/www.gcisalud.com\/index.php\/wp-json\/wp\/v2\/users\/1"}],"replies":[{"embeddable":true,"href":"https:\/\/www.gcisalud.com\/index.php\/wp-json\/wp\/v2\/comments?post=181"}],"version-history":[{"count":4,"href":"https:\/\/www.gcisalud.com\/index.php\/wp-json\/wp\/v2\/pages\/181\/revisions"}],"predecessor-version":[{"id":238,"href":"https:\/\/www.gcisalud.com\/index.php\/wp-json\/wp\/v2\/pages\/181\/revisions\/238"}],"up":[{"embeddable":true,"href":"https:\/\/www.gcisalud.com\/index.php\/wp-json\/wp\/v2\/pages\/156"}],"wp:attachment":[{"href":"https:\/\/www.gcisalud.com\/index.php\/wp-json\/wp\/v2\/media?parent=181"}],"curies":[{"name":"wp","href":"https:\/\/api.w.org\/{rel}","templated":true}]}}